e thousands digit of 5485?
5
What is the tens digit of 71088?
8
What is the hundreds digit of 3266?
2
What is the hundreds digit of 13428?
4
What is the tens digit of 44615?
1
What is the units digit of 39719?
9
What is the hundreds digit of 280?
2
What is the thousands digit of 7534?
7
What is the thousands digit of 11518?
1
What is the hundreds digit of 8043?
0
What is the units digit of 12095?
5
What is the tens digit of 2349?
4
What is the ten thousands digit of 18166?
1
What is the units digit of 5240?
0
What is the tens digit of 88525?
2
What is the units digit of 3341?
1
What is the units digit of 4327?
7
What is the units digit of 1452?
2
What is the thousands digit of 5772?
5
What is the hundreds digit of 3622?
6
What is the units digit of 1595?
5
What is the units digit of 27553?
3
What is the hundreds digit of 403?
4
What is the thousands digit of 1990?
1
What is the thousands digit of 21535?
1
What is the hundreds digit of 46310?
3
What is the thousands digit of 2681?
2
What is the tens digit of 20044?
4
What is the tens digit of 5874?
7
What is the tens digit of 1143?
4
What is the hundreds digit of 105239?
2
What is the tens digit of 19277?
7
What is the thousands digit of 58910?
8
What is the hundreds digit of 390?
3
What is the units digit of 10712?
2
What is the hundreds digit of 6310?
3
What is the tens digit of 782?
8
What is the units digit of 1016?
6
What is the ten thousands digit of 29234?
2
What is the tens digit of 3044?
4
What is the hundreds digit of 1591?
5
What is the tens digit of 6723?
2
What is the tens digit of 171?
7
What is the thousands digit of 46864?
6
What is the tens digit of 546?
4
What is the tens digit of 81845?
4
What is the hundreds digit of 11208?
2
What is the thousands digit of 2031?
2
What is the tens digit of 1057?
5
What is the hundreds digit of 1603?
6
What is the tens digit of 2703?
0
What is the thousands digit of 2541?
2
What is the tens digit of 480?
8
What is the units digit of 1013?
3
What is the hundreds digit of 1459?
4
What is the tens digit of 564?
6
What is the units digit of 9120?
0
What is the units digit of 2446?
6
What is the thousands digit of 12207?
2
What is the units digit of 3055?
5
What is the thousands digit of 15876?
5
What is the tens digit of 70121?
2
What is the tens digit of 71027?
2
What is the units digit of 1606?
6
What is the tens digit of 1302?
0
What is the hundreds digit of 301?
3
What is the hundreds digit of 3603?
6
What is the hundreds digit of 29006?
0
What is the thousands digit of 8954?
8
What is the thousands digit of 4694?
4
What is the thousands digit of 120604?
0
What is the thousands digit of 1388?
1
What is the tens digit of 10122?
2
What is the ten thousands digit of 24138?
2
What is the ten thousands digit of 137054?
3
What is the tens digit of 3612?
1
What is the tens digit of 5046?
4
What is the tens digit of 891?
9
What is the tens digit of 9266?
6
What is the tens digit of 1106?
0
What is the thousands digit of 21239?
1
What is the units digit of 9805?
5
What is the tens digit of 15995?
9
What is the tens digit of 35134?
3
What is the hundreds digit of 967?
9
What is the hundreds digit of 8665?
6
What is the hundreds digit of 1635?
6
What is the thousands digit of 35143?
5
What is the tens digit of 9402?
0
What is the thousands digit of 36854?
6
What is the tens digit of 10243?
4
What is the ten thousands digit of 192519?
9
What is the hundreds digit of 2068?
0
What is the hundred thousands digit of 158705?
1
What is the units digit of 1820?
0
What is the hundreds digit of 5947?
9
What is the tens digit of 1062?
6
What is the units digit of 2533?
3
What is the units digit of 2173?
3
What is the thousands digit of 21462?
1
What is the thousands digit of 78928?
8
What is the tens digit of 468?
6
What is the tens digit of 928?
2
What is the hundreds digit of 110273?
2
What is the tens digit of 1073?
7
What is the units digit of 5056?
6
What is the units digit of 102?
2
What is the ten thousands digit of 74451?
7
What is the hundreds digit of 3145?
1
What is the tens digit of 197?
9
What is the units digit of 494?
4
What is the units digit of 29687?
7
What is the hundreds digit of 207?
2
What is the thousands digit of 5099?
5
What is the hundreds digit of 15744?
7
What is the tens digit of 93613?
1
What is the tens digit of 24456?
5
What is the ten thousands digit of 34622?
3
What is the thousands digit of 3972?
3
What is the tens digit of 4393?
9
What is the hundreds digit of 3370?
3
What is the hundreds digit of 9505?
5
What is the units digit of 35?
5
What is the thousands digit of 104321?
4
What is the thousands digit of 1208?
1
What is the thousands digit of 38240?
8
What is the units digit of 4460?
0
What is the units digit of 22375?
5
What is the tens digit of 29430?
3
What is the thousands digit of 1211?
1
What is the hundreds digit of 1028?
0
What is the tens digit of 1511?
1
What is the hundreds digit of 8157?
1
What is the hundreds digit of 21339?
3
What is the tens digit of 487?
8
What is the tens digit of 3953?
5
What is the thousands digit of 6065?
6
What is the units digit of 98931?
1
What is the tens digit of 2491?
9
What is the units digit of 4559?
9
What is the ten thousands digit of 106152?
0
What is the tens digit of 538?
3
What is the hundreds digit of 1838?
8
What is the hundreds digit of 280?
2
What is the hundreds digit of 4002?
0
What is the thousands digit of 23328?
3
What is the thousands digit of 6686?
6
What is the ten thousands digit of 14684?
1
What is the tens digit of 62489?
8
What is the tens digit of 750?
5
What is the units digit of 842?
2
What is the ten thousands digit of 34201?
3
What is the tens digit of 1901?
0
What is the units digit of 1161?
1
What is the units digit of 31020?
0
What is the tens digit of 8857?
5
What is the tens digit of 2550?
5
What is the hundreds digit of 1874?
8
What is the thousands digit of 9032?
9
What is the units digit of 2441?
1
What is the ten thousands digit of 29483?
2
What is the hundreds digit of 51653?
6
What is the thousands digit of 4638?
4
What is the hundreds digit of 4874?
8
What is the thousands digit of 1846?
1
What is the tens digit of 1539?
3
What is the hundred thousands digit of 176971?
1
What is the units digit of 129152?
2
What is the hundreds digit of 341?
3
What is the tens digit of 727?
2
What is the units digit of 381?
1
What is the units digit of 39846?
6
What is the hundreds digit of 813?
8
What is the thousands digit of 30720?
0
What is the thousands digit of 117387?
7
What is the thousands digit of 3878?
3
What is the units digit of 11883?
3
What is the tens digit of 588?
8
What is the tens digit of 3612?
1
What is the units digit of 1535?
5
What is the thousands digit of 1685?
1
What is the thousands digit of 138109?
8
What is the thousands digit of 6655?
6
What is the hundreds digit of 22375?
3
What is the units digit of 271?
1
What is the thousands digit of 122989?
2
What is the units digit of 6839?
9
What is the units digit of 66448?
8
What is the units digit of 29428?
8
What is the units digit of 363?
3
What is the hundreds digit of 4793?
7
What is the tens digit of 430?
3
What is the tens digit of 102570?
7
What is the tens digit of 5170?
7
What is the tens digit of 7837?
3
What is the units digit of 3871?
1
What is the tens digit of 905?
0
What is the ten thousands digit of 14139?
1
What is the units digit of 3023?
3
What is the units digit of 129?
9
What is the hundreds digit of 1047?
0
What is the hundreds digit of 4309?
3
What is the hundreds digit of 3657?
6
What is the hundreds digit of 152?
1
What is the hundreds digit of 2085?
0
What is the hundreds digit of 53462?
4
What is the units digit of 10203?
3
What is the hundreds digit of 8643?
6
What is the tens digit of 965?
6
What is the thousands digit of 1363?
1
What is the ten thousands digit of 31279?
3
What is the units digit of 24?
4
What is the thousands digit of 4846?
4
What is the hundreds digit of 495?
4
What is the thousands digit of 17586?
7
What is the ten thousands digit of 18170?
1
What is the units digit of 14351?
1
What is the thousands digit of 5756?
5
What is the tens digit of 56496?
9
What is the units digit of 114?
4
What is the tens digit of 7605?
0
What is the hu